*x - 4. Let k(t) = -t**3 - t - 4. Let d be k(0). Let o be u(d). What is the greatest common divisor of 8 and o?
8
Let c(w) = -w**3 + 7. Let k be c(0). Let x(o) = -o**3 + 8 - o + 8*o**2 - 2*o - o. Let f be x(6). Calculate the highest common divisor of k and f.
7
Let g be 5/(1*(-2)/(-14)). Let b(u) = u**3 - 7*u**2 + 7*u - 1. Suppose 0*a = -2*a + 12. Let d be b(a). What is the highest common divisor of g and d?
5
Suppose 3*z - 2*w = 100, -w + 0*w - 130 = -4*z. What is the greatest common divisor of z and 16?
16
Let b = -2 + -2. Let c be (418/b)/((-2)/4). Calculate the highest common factor of c and 19.
19
Suppose -2*a + 3*f = 7, -2*f + 6*f = 20. Suppose 0 = -r - a*o + 207, -4*r + 3*o + 468 = -360. Calculate the greatest common divisor of r and 23.
23
Suppose 4*h + 0*d - 412 = d, h - 5*d - 84 = 0. What is the highest common factor of h and 39?
13
Let z(w) = w + 9. Let j be z(-7). Let f(p) = p**3 + 2*p**2 - 3*p + 2. Let n be f(j). What is the highest common factor of 96 and n?
12
Let y be (-1 + -5)*(4 + -6). What is the highest common divisor of 48 and y?
12
Let h = -8 - -28. What is the highest common divisor of h and 160?
20
Suppose 3*r = i + 1 - 6, 4*r - 5*i = 8. Let b = r - -4. Let p = 9 - b. What is the highest common divisor of 40 and p?
8
Let c = -1 - -1. Suppose -5*z + 0*z + 205 = c. Suppose -a - b = -16, -2*b - z - 5 = -4*a. What is the greatest common factor of 65 and a?
13
Suppose 9*r - 13*r = 0. Suppose -3*v + 8 + 4 = 5*y, -5*y = r. What is the highest common divisor of 2 and v?
2
Suppose t + 18 = -2*t. Let o = t + 12. Calculate the highest common factor of o and 48.
6
Suppose 10*a - 11*a = -23. Calculate the highest common factor of a and 23.
23
Let i(v) = -v**3 - 5*v**2 - 5*v + 7. Let r be i(-5). Suppose 19 = 5*k - u, -2*k - u + 0*u = -9. What is the highest common divisor of k and r?
4
Let l = 124 + -40. Calculate the greatest common divisor of 12 and l.
12
Let x be ((-2)/3)/((-4)/18). Suppose 0 = -x*l + 361 + 398. What is the greatest common factor of 23 and l?
23
Let c(b) = 16*b**3 - 8*b**2 + 3*b + 5. Let q(v) = -v**3 + v**2 - 1. Let h(a) = c(a) + 6*q(a). Let y be h(2). What is the highest common factor of y and 11?
11
Suppose -28 = 5*a - 163. What is the highest common divisor of a and 3?
3
Suppose -39 = -a - 4*u + 2, -3*a + 43 = -4*u. Calculate the highest common divisor of 105 and a.
21
Let b(k) = -k**2 + 12. Suppose 2*o + 2*o = 0. Let w be b(o). Calculate the greatest common factor of 48 and w.
12
Let z be 1 - (-1 + (-1 - -1)). Suppose -z*h = -71 - 9. Calculate the greatest common factor of h and 10.
10
Suppose 2*z + 3 = 7. Suppose -z*a = -3*j - 116 + 420, -5*a = -20. What is the highest common factor of j and 13?
13
Let l(d) = -53*d - 1. Let n be l(-2). Let c = n + 0. Let t = 104 + c. Calculate the highest common divisor of 19 and t.
19
Suppose 2*k - 17 = -3*j, 0*k - 3*j - 11 = -5*k. Calculate the greatest common factor of 2 and k.
2
Let l(r) = 3*r + 2. Let n be l(4). Suppose 4*p + 2*m - 30 = p, -5*p - 2*m = -50. Let x be ((-168)/p)/((-4)/30). What is the highest common divisor of n and x?
14
Suppose 5*t + 3*s - 212 = 0, s + 2*s = 5*t - 188. Calculate the greatest common divisor of 5 and t.
5
Let w = 38 + 42. Calculate the greatest common factor of 32 and w.
16
Suppose -3*b + 2*s + 42 = -b, -5*b + 2*s = -96. What is the highest common factor of 12 and b?
6
Let q(d) be the third derivative of d**5/4 + d**4/24 + d**3/6 + d**2. Let f be q(-1). What is the greatest common factor of 6 and f?
3
Let w(r) = -r**3 - 5*r**2 - 6*r - 5. Let v be w(-4). What is the greatest common divisor of 3 and v?
3
Suppose 3 + 22 = 5*q. Let p be 6/15*q/1. Suppose -p*b = -4*b + 12. What is the greatest common divisor of b and 6?
6
Suppose n - 3 = q - 16, 3*q = -n + 47. Calculate the highest common factor of 195 and q.
15
Suppose 5*c - 135 = -n, 0 = -3*c + 4*n + 38 + 43. Let d = c + -13. Calculate the highest common divisor of 14 and d.
14
Let i be 6/(1 + 1/(-4)). Suppose o = 4*o - 15, -52 = -4*s - 4*o. What is the highest common divisor of i and s?
8
Let b = 6 + -4. Suppose -116 = -4*h + v, h + b*v + 0*v - 38 = 0. Calculate the greatest common factor of h and 45.
15
Let h(n) = -3*n - 6. Let d be h(-4). Suppose -34 = -4*x - 10. Suppose 0 = -x*i + 5*i + 66. What is the highest common divisor of d and i?
6
Suppose 0 = j + 2 - 11. Calculate the greatest common factor of j and 81.
9
Suppose -2*i - 2*v + 15 = i, 2*i - 21 = -5*v. Suppose -2*c + 7 = -5. What is the greatest common divisor of c and i?
3
Suppose -3*u + 0 = -3, 4*g + 3*u = 51. Let q(t) = t + 132. Let z be q(0). Calculate the highest common divisor of z and g.
12
Suppose -11*h + 48 = -8*h. Suppose 5*y - 319 = z, -55 + 370 = 5*y - 5*z. What is the greatest common factor of h and y?
16
Suppose -528 = -4*j - 0*j. What is the greatest common divisor of j and 12?
12
Let w be -3 + 3 + -4 - -8. Calculate the highest common factor of w and 44.
4
Let c(f) = -6*f - 1. Let z be c(-1). Suppose -b - 13 = 3*i + 1, 0 = z*i + 25. Suppose 2*x + 5 = 11. What is the greatest common divisor of x and b?
1
Suppose -5*o + 91 = -39. What is the greatest common factor of o and 234?
26
Suppose 4*l + 5*o + 7 = 3*l, 0 = -4*l + 2*o + 82. Let d = -1 + l. Suppose -5*v + 85 = -2*t, 4*t = 3*v - 74 + 23. What is the greatest common divisor of d and v?
17
Suppose -3*m - 15 = -6*m. Let o(b) = 6*b + 6. Let d be o(m). Suppose 5*k - 121 = -u, 0*k + 4*k + 5*u - 101 = 0. Calculate the highest common factor of d and k.
12
Let z be (-5 + 7)*(-585)/(-6). Calculate the greatest common factor of z and 15.
15
Let b = 22 - 14. Let f(n) = n**3 - 11*n**2 - 7*n + 4. Let s be f(12). Calculate the highest common factor of b and s.
8
Let u = -5 - -5. Suppose u = x - 17 - 13. What is the greatest common divisor of 6 and x?
6
Let w be (-8)/52 - (-914)/26. Calculate the highest common divisor of 5 and w.
5
Suppose 2*v - 3*v + 117 = 0. What is the greatest common factor of 13 and v?
13
Let n(u) = u**2 - 7*u - 10. Let a be n(-8). Suppose -35 - 21 = -2*j - 5*f, 5*j + 5*f - a = 0. Calculate the highest common factor of 198 and j.
18
Let u(j) = -2*j + 4. Let r be u(-4). Let i be 160/r*(4 - 1). Let c be -2*1*5/(-2). What is the highest common factor of i and c?
5
Let y be 2/2*(2 + 1). Let z = 0 + y. Let q(f) = f**3 - 2*f**2. Let k be q(z). What is the greatest common factor of 72 and k?
9
Let s = 33 - 3. What is the greatest common divisor of s and 45?
15
Let u = 18 - 13. Suppose 4*c = u*c - 24. Let r = -5 + 11. Calculate the greatest common divisor of r and c.
6
Let c(d) = -2*d**3 + 2*d**3 + 4*d**2 - 3*d + d**3. Let x be c(-4). Calculate the greatest common factor of x and 108.
12
Let a be (1 - 5)*3/(-4). Suppose -5*m - f + 6*f = -30, 2 = 2*m + a*f. Let h(x) = 3*x - 17. Let l be h(7). Calculate the greatest common factor of m and l.
4
Let m be 0/(-3 + 6 + -1). Suppose m*l = 5*l - 15. What is the greatest common factor of 24 and l?
3
Suppose -2*h + 0*h = -20. Let l(f) = f + 9. Let u be l(h). Calculate the highest common factor of 133 and u.
19
Let m = 143 - 73. Calculate the greatest common factor of m and 175.
35
Suppose p - 42 = -u, 4*u - 5*u = -4*p + 163. Let o be 4/1 - (6 - p). Suppose 4*s = -66 + 170. Calculate the greatest common divisor of o and s.
13
Let b = 6 + 0. Let k = b - 2. Suppose 0 = -2*p + 15 + 5. Calculate the greatest common factor of k and p.
2
Let x(n) = 0 - 4*n - 6*n**3 + 7*n**2 - 3 + 7*n**3. Let f be x(-7). Calculate the highest common divisor of f and 75.
25
Let h be (-140)/42*6/(-4). Suppose 0 = 2*j - 19 - h. Suppose -4*x + 3*x + 36 = 0. Calculate the greatest common factor of x and j.
12
Let w be -1*(-3 + 0/2). Let p be (66/(-8))/(-3 + (-11)/(-4)). What is the highest common factor of w and p?
3
Suppose 3*n + 159 = 3*k, 3*k - 129 = -5*n + 2*n. Suppose 3*o + k = 5*o. Let q be 15*(-2 + (-24)/(-10)). Calculate the highest common factor of o and q.
6
Suppose 7*g - 2258 = -25. Calculate the greatest common factor of 29 and g.
29
Suppose -d + 83 + 1 = 0. Let y be (-1 - (0 - 1))/(-1). Suppose 3*z + 4*p = p + 42, -5*z + 2*p + 56 = y. Calculate the greatest common factor of d and z.
12
Let k = 11 - -1. Let d = 82 + -79. Calculate the highest common divisor of d and k.
3
Let s = 10 - 2. Let t(d) = -d**2 + 5*d + 8. Let j be t(6). Suppose -4